{"id":1703,"date":"2024-08-22T15:16:54","date_gmt":"2024-08-22T07:16:54","guid":{"rendered":"http:\/\/cases-group.com\/?page_id=1703"},"modified":"2024-10-25T16:29:12","modified_gmt":"2024-10-25T08:29:12","slug":"company","status":"publish","type":"page","link":"https:\/\/miyafashion.com\/esp\/company\/","title":{"rendered":"Company"},"content":{"rendered":"<section class=\"wpb-content-wrapper\"><div data-vc-full-width=\"true\" data-vc-full-width-init=\"false\" data-vc-stretch-content=\"true\" class=\"vc_row wpb_row vc_row-fluid la_fp_slide la_fp_child_section\"><div class=\"wpb_column vc_column_container vc_col-sm-6\"><div class=\"vc_column-inner\"><div class=\"wpb_wrapper\">\n\t<div  class=\"wpb_single_image wpb_content_element vc_align_left  vc_custom_1729127561884\">\n\t\t\n\t\t<figure class=\"wpb_wrapper vc_figure\">\n\t\t\t<div class=\"vc_single_image-wrapper   vc_box_border_grey\"><img decoding=\"async\" width=\"1200\" height=\"1200\" src=\"https:\/\/miyafashion.com\/wp-content\/uploads\/2024\/09\/vneck-beige-1800-e1729127506316.jpg\" class=\"vc_single_image-img attachment-full\" alt=\"\" title=\"vneck-beige-1800\" \/><\/div>\n\t\t<\/figure>\n\t<\/div>\n<\/div><\/div><\/div><div class=\"wpb_column vc_column_container vc_col-sm-6\"><div class=\"vc_column-inner\"><div class=\"wpb_wrapper\">\n\t<div  class=\"wpb_single_image wpb_content_element vc_align_left  vc_custom_1726752066741\">\n\t\t\n\t\t<figure class=\"wpb_wrapper vc_figure\">\n\t\t\t<div class=\"vc_single_image-wrapper   vc_box_border_grey\"><img decoding=\"async\" width=\"1200\" height=\"1200\" src=\"https:\/\/miyafashion.com\/wp-content\/uploads\/2024\/09\/vneck-short-r-1200.jpg\" class=\"vc_single_image-img attachment-full\" alt=\"\" title=\"vneck-corto-r-1200\" srcset=\"https:\/\/miyafashion.com\/wp-content\/uploads\/2024\/09\/vneck-short-r-1200.jpg 1200w, https:\/\/miyafashion.com\/wp-content\/uploads\/2024\/09\/vneck-short-r-1200-300x300.jpg 300w, https:\/\/miyafashion.com\/wp-content\/uploads\/2024\/09\/vneck-short-r-1200-600x600.jpg 600w, https:\/\/miyafashion.com\/wp-content\/uploads\/2024\/09\/vneck-short-r-1200-100x100.jpg 100w\" sizes=\"(max-width: 1200px) 100vw, 1200px\" \/><\/div>\n\t\t<\/figure>\n\t<\/div>\n<\/div><\/div><\/div><\/div><div class=\"vc_row-full-width vc_clearfix\"><\/div><div data-vc-full-width=\"true\" data-vc-full-width-init=\"false\" data-vc-stretch-content=\"true\" class=\"vc_row wpb_row vc_row-fluid vc_custom_1724489417656 la_fp_slide la_fp_child_section\"><div class=\"wpb_column vc_column_container vc_col-sm-12\" id=\"e\"><div class=\"vc_column-inner\"><div class=\"wpb_wrapper\"><div class=\"vc_separator wpb_content_element vc_separator_align_center vc_sep_width_100 vc_sep_pos_align_center vc_separator_no_text vc_sep_color_grey\" ><span class=\"vc_sep_holder vc_sep_holder_l\"><span class=\"vc_sep_line\"><\/span><\/span><span class=\"vc_sep_holder vc_sep_holder_r\"><span class=\"vc_sep_line\"><\/span><\/span>\n<\/div><div id=\"la_heading_69e4ed0f10a3d\" class=\"la-headings text-center\"><h2 class=\"js-el heading-tag la-unit-responsive\" style=\"\" >Esforz\u00e1ndose continuamente por alcanzar la perfecci\u00f3n<\/h2><\/div>\n<div id=\"la_heading_69e4ed0f10a65\" class=\"la-headings text-center vc_custom_1729087108459\"><div class=\"js-el subheading-tag la-unit-responsive\" style=\"color:#000000\"  data-la_component=\"UnitResponsive\"  data-el_target='#la_heading_69e4ed0f10a65 .subheading-tag'  data-el_media_sizes='{&quot;font-size&quot;:&quot;lg:16px;&quot;,&quot;line-height&quot;:&quot;&quot;}' ><p style=\"text-align: left;\">Durante m\u00e1s de 20 a\u00f1os, MiyaFashion se ha centrado en suministrar cachemira de alta calidad, prendas de punto de lana, especialmente vestidos de moda para dama a clientes de Europa y Am\u00e9rica del Norte.<\/p>\n<p style=\"text-align: left;\">Nuestra l\u00ednea principal de productos son productos de cachemira de alta gama, muy elogiados por su suavidad y calidez incomparables. La cachemira, como fibra rara y preciosa, se ha convertido en sin\u00f3nimo de su\u00e9teres de lujo debido a su excelente calidad y comodidad. Seleccionamos cuidadosamente la cachemira de la m\u00e1s alta calidad para garantizar que cada su\u00e9ter de cachemira brinde la m\u00e1xima comodidad y calidez duradera al usuario.<\/p>\n<p style=\"text-align: left;\">Adem\u00e1s, para satisfacer las necesidades de los diferentes clientes, Miya Fashion tambi\u00e9n ofrece una amplia gama de productos de lana, algod\u00f3n, lino y tejidos mixtos. Estos materiales, con su textura y comodidad \u00fanicas, aportan m\u00e1s opciones y posibilidades a los su\u00e9teres de moda. La lana, con su calidez y transpirabilidad naturales, proporciona una experiencia de uso adecuada para varios climas. La mezcla de algod\u00f3n y lino combina la suavidad del algod\u00f3n con la transpirabilidad del lino, creando una textura ligera adecuada para climas c\u00e1lidos. Nuestras telas mixtas combinan las ventajas de diferentes fibras, como durabilidad, elasticidad y resistencia a las arrugas, para satisfacer la demanda del consumidor moderno de versatilidad y moda. A trav\u00e9s de estos materiales cuidadosamente seleccionados, Miya Fashion se compromete a proporcionar a los clientes su\u00e9teres de alta calidad que sean a la vez modernos y pr\u00e1cticos.<\/p>\n<\/div><\/div>\n<div class=\"vc_row wpb_row vc_inner vc_row-fluid\"><div class=\"wpb_column vc_column_container vc_col-sm-12\"><div class=\"vc_column-inner\"><div class=\"wpb_wrapper\"><div class=\"vc_separator wpb_content_element vc_separator_align_center vc_sep_width_100 vc_sep_pos_align_center vc_separator_no_text vc_sep_color_grey\" ><span class=\"vc_sep_holder vc_sep_holder_l\"><span class=\"vc_sep_line\"><\/span><\/span><span class=\"vc_sep_holder vc_sep_holder_r\"><span class=\"vc_sep_line\"><\/span><\/span>\n<\/div><\/div><\/div><\/div><\/div><\/div><\/div><\/div><\/div><div class=\"vc_row-full-width vc_clearfix\"><\/div><div data-vc-full-width=\"true\" data-vc-full-width-init=\"false\" data-vc-stretch-content=\"true\" class=\"vc_row wpb_row vc_row-fluid la_fp_slide la_fp_child_section\"><div class=\"wpb_column vc_column_container vc_col-sm-12\"><div class=\"vc_column-inner\"><div class=\"wpb_wrapper\">\n\t<div  class=\"wpb_single_image wpb_content_element vc_align_center\">\n\t\t\n\t\t<figure class=\"wpb_wrapper vc_figure\">\n\t\t\t<div class=\"vc_single_image-wrapper   vc_box_border_grey\"><img decoding=\"async\" width=\"1265\" height=\"843\" src=\"https:\/\/miyafashion.com\/wp-content\/uploads\/2024\/09\/goat8.jpg\" class=\"vc_single_image-img attachment-full\" alt=\"\" title=\"goat8\" \/><\/div>\n\t\t<\/figure>\n\t<\/div>\n<\/div><\/div><\/div><\/div><div class=\"vc_row-full-width vc_clearfix\"><\/div><div data-vc-full-width=\"true\" data-vc-full-width-init=\"false\" data-vc-stretch-content=\"true\" class=\"vc_row wpb_row vc_row-fluid vc_custom_1724491333963 la_fp_slide la_fp_child_section\"><div class=\"wpb_column vc_column_container vc_col-sm-12\"><div class=\"vc_column-inner\"><div class=\"wpb_wrapper\"><div id=\"la_heading_69e4ed0f11100\" class=\"la-headings text-center\"><h2 class=\"js-el heading-tag la-unit-responsive\" style=\"\" >Qu\u00e9 hace que nuestro cachemir sea diferente<\/h2><div class=\"js-el subheading-tag la-unit-responsive\" style=\"color:#000000\"  data-la_component=\"UnitResponsive\"  data-el_target='#la_heading_69e4ed0f11100 .subheading-tag'  data-el_media_sizes='{&quot;font-size&quot;:&quot;lg:16px;&quot;,&quot;line-height&quot;:&quot;&quot;}' ><div class=\"h1\" style=\"text-align: left;\"><\/div>\n<\/div><\/div>\n<div id=\"la_heading_69e4ed0f1114d\" class=\"la-headings text-center\"><div class=\"js-el subheading-tag la-unit-responsive\" style=\"color:#000000\"  data-la_component=\"UnitResponsive\"  data-el_target='#la_heading_69e4ed0f1114d .subheading-tag'  data-el_media_sizes='{&quot;font-size&quot;:&quot;lg:16px;&quot;,&quot;line-height&quot;:&quot;&quot;}' ><p style=\"text-align: left;\">Lo que hace que el cashmere sea diferente para nuestras prendas es el proceso de coloraci\u00f3n y c\u00f3mo se lleva a cabo, incluso para aquellas caracterizadas por los tonos m\u00e1s oscuros, partiendo siempre de una materia prima puramente blanca. Una elecci\u00f3n que da testimonio del uso exclusivo de las mejores fibras y que da una riqueza y una viveza \u00fanicas a nuestros su\u00e9teres. Si bien es sin\u00f3nimo de cachemira de la m\u00e1s alta calidad, MiyaFashion tambi\u00e9n utiliza cachemira y lanas superfinas de Mongolia Interior y Australia e hiladas por los mejores hilanderos.<\/p>\n<\/div><\/div>\n<\/div><\/div><\/div><\/div><div class=\"vc_row-full-width vc_clearfix\"><\/div><div data-vc-full-width=\"true\" data-vc-full-width-init=\"false\" data-vc-stretch-content=\"true\" class=\"vc_row wpb_row vc_row-fluid la_fp_slide la_fp_child_section\"><div class=\"wpb_column vc_column_container vc_col-sm-12\"><div class=\"vc_column-inner\"><div class=\"wpb_wrapper\"><\/div><\/div><\/div><\/div><div class=\"vc_row-full-width vc_clearfix\"><\/div><div data-vc-full-width=\"true\" data-vc-full-width-init=\"false\" data-vc-stretch-content=\"true\" class=\"vc_row wpb_row vc_row-fluid la_fp_slide la_fp_child_section\"><div class=\"wpb_column vc_column_container vc_col-sm-6\"><div class=\"vc_column-inner\"><div class=\"wpb_wrapper\">\n\t<div  class=\"wpb_single_image wpb_content_element vc_align_left  vc_custom_1727607051579\">\n\t\t\n\t\t<figure class=\"wpb_wrapper vc_figure\">\n\t\t\t<div class=\"vc_single_image-wrapper   vc_box_border_grey\"><img decoding=\"async\" width=\"1000\" height=\"823\" src=\"https:\/\/miyafashion.com\/wp-content\/uploads\/2024\/09\/yarn2-a.jpg\" class=\"vc_single_image-img attachment-full\" alt=\"\" title=\"yarn2-un\" \/><\/div>\n\t\t<\/figure>\n\t<\/div>\n<\/div><\/div><\/div><div class=\"wpb_column vc_column_container vc_col-sm-6\"><div class=\"vc_column-inner\"><div class=\"wpb_wrapper\">\n\t<div  class=\"wpb_single_image wpb_content_element vc_align_center  vc_custom_1727607068737\">\n\t\t\n\t\t<figure class=\"wpb_wrapper vc_figure\">\n\t\t\t<div class=\"vc_single_image-wrapper   vc_box_border_grey\"><img decoding=\"async\" width=\"1000\" height=\"823\" src=\"https:\/\/miyafashion.com\/wp-content\/uploads\/2024\/09\/fabric.jpg\" class=\"vc_single_image-img attachment-full\" alt=\"\" title=\"tela\" \/><\/div>\n\t\t<\/figure>\n\t<\/div>\n<\/div><\/div><\/div><\/div><div class=\"vc_row-full-width vc_clearfix\"><\/div><div data-vc-full-width=\"true\" data-vc-full-width-init=\"false\" data-vc-stretch-content=\"true\" class=\"vc_row wpb_row vc_row-fluid vc_custom_1724491357584 la_fp_slide la_fp_child_section\"><div class=\"wpb_column vc_column_container vc_col-sm-6\" id=\"f\"><div class=\"vc_column-inner\"><div class=\"wpb_wrapper\"><div id=\"la_heading_69e4ed0f1181e\" class=\"la-headings text-center\"><h2 class=\"js-el heading-tag la-unit-responsive\" style=\"color:#000000\" >Gesti\u00f3n avanzada de la calidad en la producci\u00f3n de jerseys<\/h2><\/div>\n<div id=\"la_heading_69e4ed0f11842\" class=\"la-headings text-center\"><div class=\"js-el subheading-tag la-unit-responsive\" style=\"color:#000000\"  data-la_component=\"UnitResponsive\"  data-el_target='#la_heading_69e4ed0f11842 .subheading-tag'  data-el_media_sizes='{&quot;font-size&quot;:&quot;lg:15px;&quot;,&quot;line-height&quot;:&quot;&quot;}' ><div class=\"nbyIWSn1\" style=\"text-align: left;\"><span class=\"_ijgIT8X sentId\" contenteditable=\"false\" spellcheck=\"false\" data-sent-id=\"ebr3RwEEoe\">La ventaja de Miya Fashion en la producci\u00f3n de dulces radica en su incansable b\u00fasqueda de la alta calidad y el estricto control de los detalles.<\/span><span class=\"_ijgIT8X sentId\" contenteditable=\"false\" spellcheck=\"false\" data-sent-id=\"BPQDL8vvWe\"> Nos centramos en la producci\u00f3n de productos de cachemira de alta gama, muy elogiados por su excelente suavidad y calidez.<\/span><span class=\"_ijgIT8X sentId\" contenteditable=\"false\" spellcheck=\"false\" data-sent-id=\"BwvEZY88lz\"> La cachemira, como fibra rara y preciosa, se ha convertido en sin\u00f3nimo de su\u00e9teres de lujo debido a su incomparable suavidad y calidez.<\/span><span class=\"_ijgIT8X sentId\" contenteditable=\"false\" spellcheck=\"false\" data-sent-id=\"z93JOKEEYe\"> Seleccionamos cuidadosamente la cachemira de la m\u00e1s alta calidad para garantizar que cada su\u00e9ter de cachemira brinde la m\u00e1xima comodidad y calidez duradera al usuario.<\/span><\/div>\n<div class=\"nbyIWSn1\"><\/div>\n<div class=\"nbyIWSn1\" style=\"text-align: left;\"><span class=\"_ijgIT8X sentId\" contenteditable=\"false\" spellcheck=\"false\" data-sent-id=\"zgL8RZxx4B\">Adem\u00e1s, Miya Fashion tambi\u00e9n ofrece una amplia gama de productos de lana, algod\u00f3n, lino y tejidos mezclados para satisfacer las necesidades de diferentes clientes.<\/span><span class=\"_ijgIT8X sentId\" contenteditable=\"false\" spellcheck=\"false\" data-sent-id=\"zrQWw1bbjV\"> Estos materiales, con su textura y comodidad \u00fanicas, aportan m\u00e1s opciones y posibilidades a los su\u00e9teres de moda.<\/span><span class=\"_ijgIT8X sentId\" contenteditable=\"false\" spellcheck=\"false\" data-sent-id=\"BZPvjK44vV\"> La lana, con su calidez natural y transpirabilidad, proporciona una experiencia de uso adecuada para diversos climas.<\/span><span class=\"_ijgIT8X sentId\" contenteditable=\"false\" spellcheck=\"false\" data-sent-id=\"zllYRbrrmz\"> La mezcla de algod\u00f3n y lino combina la suavidad del algod\u00f3n con la transpirabilidad del lino, creando una textura ligera adecuada para climas c\u00e1lidos.<\/span><span class=\"_ijgIT8X sentId\" contenteditable=\"false\" spellcheck=\"false\" data-sent-id=\"BDJXOgZZ5V\"> Nuestras telas mezcladas combinan las ventajas de diferentes fibras, como durabilidad, elasticidad y resistencia a las arrugas, para satisfacer la demanda del consumidor moderno de versatilidad y moda.<\/span><span class=\"_ijgIT8X sentId\" contenteditable=\"false\" spellcheck=\"false\" data-sent-id=\"eLZgrPppOz\"> A trav\u00e9s de estos materiales cuidadosamente seleccionados, Miya Fashion se compromete a proporcionar a los clientes su\u00e9teres de alta calidad que sean modernos y pr\u00e1cticos.<\/span><\/div>\n<\/div><\/div>\n<\/div><\/div><\/div><div class=\"wpb_column vc_column_container vc_col-sm-6\"><div class=\"vc_column-inner\"><div class=\"wpb_wrapper\">\n\t<div  class=\"wpb_single_image wpb_content_element vc_align_left\">\n\t\t\n\t\t<figure class=\"wpb_wrapper vc_figure\">\n\t\t\t<div class=\"vc_single_image-wrapper   vc_box_border_grey\"><img decoding=\"async\" width=\"1000\" height=\"800\" src=\"https:\/\/miyafashion.com\/wp-content\/uploads\/2024\/09\/knitting-a.jpg\" class=\"vc_single_image-img attachment-full\" alt=\"\" title=\"tejido de punto-un\" \/><\/div>\n\t\t<\/figure>\n\t<\/div>\n<\/div><\/div><\/div><\/div><div class=\"vc_row-full-width vc_clearfix\"><\/div><div data-vc-full-width=\"true\" data-vc-full-width-init=\"false\" data-vc-stretch-content=\"true\" class=\"vc_row wpb_row vc_row-fluid la_fp_slide la_fp_child_section\"><div class=\"wpb_column vc_column_container vc_col-sm-12\"><div class=\"vc_column-inner\"><div class=\"wpb_wrapper\"><\/div><\/div><\/div><\/div><div class=\"vc_row-full-width vc_clearfix\"><\/div>\n<\/section>","protected":false},"excerpt":{"rendered":"Continually striving for perfection For more than 20 years, MiyaFashion has been focus on supplying high quality cashmere, wool knitwear,&hellip;","protected":false},"author":1,"featured_media":0,"parent":0,"menu_order":0,"comment_status":"closed","ping_status":"closed","template":"","meta":{"footnotes":""},"class_list":["post-1703","page","type-page","status-publish","hentry"],"_hostinger_reach_plugin_has_subscription_block":false,"_hostinger_reach_plugin_is_elementor":false,"_links":{"self":[{"href":"https:\/\/miyafashion.com\/esp\/wp-json\/wp\/v2\/pages\/1703","targetHints":{"allow":["GET"]}}],"collection":[{"href":"https:\/\/miyafashion.com\/esp\/wp-json\/wp\/v2\/pages"}],"about":[{"href":"https:\/\/miyafashion.com\/esp\/wp-json\/wp\/v2\/types\/page"}],"author":[{"embeddable":true,"href":"https:\/\/miyafashion.com\/esp\/wp-json\/wp\/v2\/users\/1"}],"replies":[{"embeddable":true,"href":"https:\/\/miyafashion.com\/esp\/wp-json\/wp\/v2\/comments?post=1703"}],"version-history":[{"count":30,"href":"https:\/\/miyafashion.com\/esp\/wp-json\/wp\/v2\/pages\/1703\/revisions"}],"predecessor-version":[{"id":2250,"href":"https:\/\/miyafashion.com\/esp\/wp-json\/wp\/v2\/pages\/1703\/revisions\/2250"}],"wp:attachment":[{"href":"https:\/\/miyafashion.com\/esp\/wp-json\/wp\/v2\/media?parent=1703"}],"curies":[{"name":"wp","href":"https:\/\/api.w.org\/{rel}","templated":true}]}}