{"id":1793,"date":"2024-08-24T14:47:17","date_gmt":"2024-08-24T06:47:17","guid":{"rendered":"http:\/\/cases-group.com\/?page_id=1793"},"modified":"2024-08-24T14:47:17","modified_gmt":"2024-08-24T06:47:17","slug":"cashmere-care","status":"publish","type":"page","link":"https:\/\/miyafashion.com\/esp\/cashmere-care\/","title":{"rendered":"Cuidado de Cachemira"},"content":{"rendered":"<section class=\"wpb-content-wrapper\"><div data-vc-full-width=\"true\" data-vc-full-width-init=\"false\" data-vc-stretch-content=\"true\" class=\"vc_row wpb_row vc_row-fluid la_fp_slide la_fp_child_section\"><div class=\"wpb_column vc_column_container vc_col-sm-12\"><div class=\"vc_column-inner\"><div class=\"wpb_wrapper\"><div id=\"la_showposts_69e4c02ba882e\" class=\"wpb_content_element la-showposts\">\n    <div class=\"la-loop showposts-loop blog-3 showposts-blog grid-items grid-space-30 xlg-grid-3-items lg-grid-3-items md-grid-1-items sm-grid-1-items xs-grid-1-items mb-grid-1-items\"><article class=\"loop-item grid-item blog_item show-excerpt post-1155 post type-post status-publish format-standard has-post-thumbnail hentry category-fashion\">\n    <div class=\"blog_item--inner item-inner\">\n        <div class=\"blog_item--inner2 item-inner-wrap\">\n                            <div class=\"blog_item--thumbnail blog_item--thumbnail-with-effect\">\n                    <a href=\"https:\/\/miyafashion.com\/esp\/2017\/11\/22\/cashmerewool\/\">\n                        <img decoding=\"async\" width=\"1024\" height=\"768\" src=\"https:\/\/miyafashion.com\/wp-content\/uploads\/2017\/11\/goat11.jpg\" class=\"attachment-full size-full wp-post-image\" alt=\"\" srcset=\"https:\/\/miyafashion.com\/wp-content\/uploads\/2017\/11\/goat11.jpg 1024w, https:\/\/miyafashion.com\/wp-content\/uploads\/2017\/11\/goat11-770x578.jpg 770w, https:\/\/miyafashion.com\/wp-content\/uploads\/2017\/11\/goat11-425x319.jpg 425w\" sizes=\"(max-width: 1024px) 100vw, 1024px\" \/>                        <span class=\"pf-icon pf-icon-link\"><\/span>\n                        <div class=\"item--overlay\"><\/div>\n                    <\/a>\n                                    <\/div>\n                        <div class=\"blog_item--info clearfix\">\n                <div class=\"blog_item--category-link\"><span class=\"screen-reader-text\">Posted in <\/span><span><a href=\"https:\/\/miyafashion.com\/esp\/category\/fashion\/\" rel=\"category tag\">Moda<\/a><\/span><\/div>                <div class=\"blog_item--title entry-header\">\n                    <h3 class=\"entry-title\"><a href=\"https:\/\/miyafashion.com\/esp\/2017\/11\/22\/cashmerewool\/\">Cachemira y lana<\/a><\/h3>                <\/div>\n                <div class=\"blog_item--meta entry-meta clearfix\"><span class=\"byline\"><span class=\"author vcard\"><a class=\"url fn n\" href=\"https:\/\/miyafashion.com\/esp\/author\/super\/\"><i class=\"dl-icon-user1\"><\/i><span class=\"screen-reader-text\">by <\/span>super<\/a><\/span><\/span><span class=\"posted-on\"><a href=\"https:\/\/miyafashion.com\/esp\/2017\/11\/22\/cashmerewool\/\" rel=\"bookmark\"><i class=\"dl-icon-clock\"><\/i><span class=\"screen-reader-text\">Posted on <\/span><time class=\"entry-date published\" datetime=\"2017-11-22T03:23:30+08:00\">2017\u5e7411\u670822\u65e5<\/time><time class=\"updated hidden\" datetime=\"2025-01-07T19:08:15+08:00\">2025\u5e741\u67087\u65e5<\/time><\/a><\/span><\/div><!-- .entry-meta -->\n                                    <div class=\"blog_item--excerpt entry-excerpt\">Por qu\u00e9 preferimos el cachemir El cachemir es una fibra natural rara y preciosa conocida por su excelente suavidad y calidez liviana.<\/div>\n                                <div class=\"blog_item--meta-footer clearfix\">\n                    <a class=\"btn btn-readmore\" href=\"https:\/\/miyafashion.com\/esp\/2017\/11\/22\/cashmerewool\/\">Read more<\/a>\n                                            <div class=\"la-sharing-posts\">\n                            <span><i class=\"fa fa-share-alt\"><\/i><\/span>\n                            <div class=\"social--sharing\"><\/div>                        <\/div>\n                                <div class=\"la-favorite-link\">\n            <a class=\"\" href=\"javascript:;\" rel=\"nofollow\" data-favorite_id=\"1155\"><i class=\"fa fa-thumbs-up\"><\/i><span class=\"favorite_count\">0<\/span><\/a>\n        <\/div>\n    <span class=\"comments-link\"><a href=\"https:\/\/miyafashion.com\/esp\/2017\/11\/22\/cashmerewool\/#respond\"><i class=\"fa fa-comments\"><\/i><span>0<\/span><\/a><\/span>                                    <\/div>\n            <\/div>\n        <\/div>\n    <\/div>\n<\/article><article class=\"loop-item grid-item blog_item show-excerpt post-1084 post type-post status-publish format-standard has-post-thumbnail hentry category-fashion tag-sweater-fabric\">\n    <div class=\"blog_item--inner item-inner\">\n        <div class=\"blog_item--inner2 item-inner-wrap\">\n                            <div class=\"blog_item--thumbnail blog_item--thumbnail-with-effect\">\n                    <a href=\"https:\/\/miyafashion.com\/esp\/2017\/11\/21\/cottonlinenblendyarn\/\">\n                        <img decoding=\"async\" width=\"450\" height=\"319\" src=\"https:\/\/miyafashion.com\/wp-content\/uploads\/2017\/11\/cottonlinen-450.jpg\" class=\"attachment-full size-full wp-post-image\" alt=\"\" srcset=\"https:\/\/miyafashion.com\/wp-content\/uploads\/2017\/11\/cottonlinen-450.jpg 450w, https:\/\/miyafashion.com\/wp-content\/uploads\/2017\/11\/cottonlinen-450-18x12.jpg 18w\" sizes=\"(max-width: 450px) 100vw, 450px\" \/>                        <span class=\"pf-icon pf-icon-link\"><\/span>\n                        <div class=\"item--overlay\"><\/div>\n                    <\/a>\n                                    <\/div>\n                        <div class=\"blog_item--info clearfix\">\n                <div class=\"blog_item--category-link\"><span class=\"screen-reader-text\">Posted in <\/span><span><a href=\"https:\/\/miyafashion.com\/esp\/category\/fashion\/\" rel=\"category tag\">Moda<\/a><\/span><\/div>                <div class=\"blog_item--title entry-header\">\n                    <h3 class=\"entry-title\"><a href=\"https:\/\/miyafashion.com\/esp\/2017\/11\/21\/cottonlinenblendyarn\/\">Hilos de algod\u00f3n, lino y mezclas<\/a><\/h3>                <\/div>\n                <div class=\"blog_item--meta entry-meta clearfix\"><span class=\"byline\"><span class=\"author vcard\"><a class=\"url fn n\" href=\"https:\/\/miyafashion.com\/esp\/author\/super\/\"><i class=\"dl-icon-user1\"><\/i><span class=\"screen-reader-text\">by <\/span>super<\/a><\/span><\/span><span class=\"posted-on\"><a href=\"https:\/\/miyafashion.com\/esp\/2017\/11\/21\/cottonlinenblendyarn\/\" rel=\"bookmark\"><i class=\"dl-icon-clock\"><\/i><span class=\"screen-reader-text\">Posted on <\/span><time class=\"entry-date published\" datetime=\"2017-11-21T20:53:01+08:00\">2017\u5e7411\u670821\u65e5<\/time><time class=\"updated hidden\" datetime=\"2025-01-07T19:23:53+08:00\">2025\u5e741\u67087\u65e5<\/time><\/a><\/span><\/div><!-- .entry-meta -->\n                                    <div class=\"blog_item--excerpt entry-excerpt\">Los tejidos para su\u00e9teres de moda El lino de algod\u00f3n y los hilos mezclados que se usan com\u00fanmente en los su\u00e9teres de moda son los preferidos debido a\u2026<\/div>\n                                <div class=\"blog_item--meta-footer clearfix\">\n                    <a class=\"btn btn-readmore\" href=\"https:\/\/miyafashion.com\/esp\/2017\/11\/21\/cottonlinenblendyarn\/\">Read more<\/a>\n                                            <div class=\"la-sharing-posts\">\n                            <span><i class=\"fa fa-share-alt\"><\/i><\/span>\n                            <div class=\"social--sharing\"><\/div>                        <\/div>\n                                <div class=\"la-favorite-link\">\n            <a class=\"\" href=\"javascript:;\" rel=\"nofollow\" data-favorite_id=\"1084\"><i class=\"fa fa-thumbs-up\"><\/i><span class=\"favorite_count\">0<\/span><\/a>\n        <\/div>\n    <span class=\"comments-link\"><a href=\"https:\/\/miyafashion.com\/esp\/2017\/11\/21\/cottonlinenblendyarn\/#respond\"><i class=\"fa fa-comments\"><\/i><span>0<\/span><\/a><\/span>                                    <\/div>\n            <\/div>\n        <\/div>\n    <\/div>\n<\/article><article class=\"loop-item grid-item blog_item show-excerpt post-578 post type-post status-publish format-standard has-post-thumbnail hentry category-fashion tag-cashmere-care\">\n    <div class=\"blog_item--inner item-inner\">\n        <div class=\"blog_item--inner2 item-inner-wrap\">\n                            <div class=\"blog_item--thumbnail blog_item--thumbnail-with-effect\">\n                    <a href=\"https:\/\/miyafashion.com\/esp\/2017\/11\/14\/cashmerecare\/\">\n                        <img decoding=\"async\" width=\"444\" height=\"299\" src=\"https:\/\/miyafashion.com\/wp-content\/uploads\/2017\/11\/cashmerecare.jpg\" class=\"attachment-full size-full wp-post-image\" alt=\"\" srcset=\"https:\/\/miyafashion.com\/wp-content\/uploads\/2017\/11\/cashmerecare.jpg 444w, https:\/\/miyafashion.com\/wp-content\/uploads\/2017\/11\/cashmerecare-425x286.jpg 425w\" sizes=\"(max-width: 444px) 100vw, 444px\" \/>                        <span class=\"pf-icon pf-icon-link\"><\/span>\n                        <div class=\"item--overlay\"><\/div>\n                    <\/a>\n                                    <\/div>\n                        <div class=\"blog_item--info clearfix\">\n                <div class=\"blog_item--category-link\"><span class=\"screen-reader-text\">Posted in <\/span><span><a href=\"https:\/\/miyafashion.com\/esp\/category\/fashion\/\" rel=\"category tag\">Moda<\/a><\/span><\/div>                <div class=\"blog_item--title entry-header\">\n                    <h3 class=\"entry-title\"><a href=\"https:\/\/miyafashion.com\/esp\/2017\/11\/14\/cashmerecare\/\">Cuidado de la cachemira<\/a><\/h3>                <\/div>\n                <div class=\"blog_item--meta entry-meta clearfix\"><span class=\"byline\"><span class=\"author vcard\"><a class=\"url fn n\" href=\"https:\/\/miyafashion.com\/esp\/author\/super\/\"><i class=\"dl-icon-user1\"><\/i><span class=\"screen-reader-text\">by <\/span>super<\/a><\/span><\/span><span class=\"posted-on\"><a href=\"https:\/\/miyafashion.com\/esp\/2017\/11\/14\/cashmerecare\/\" rel=\"bookmark\"><i class=\"dl-icon-clock\"><\/i><span class=\"screen-reader-text\">Posted on <\/span><time class=\"entry-date published\" datetime=\"2017-11-14T08:51:30+08:00\">2017\u5e7411\u670814\u65e5<\/time><time class=\"updated hidden\" datetime=\"2025-01-07T19:09:55+08:00\">2025\u5e741\u67087\u65e5<\/time><\/a><\/span><\/div><!-- .entry-meta -->\n                                    <div class=\"blog_item--excerpt entry-excerpt\">A tener en cuenta al usar cachemira. Al usarla internamente, es mejor tener una capa exterior suave que...<\/div>\n                                <div class=\"blog_item--meta-footer clearfix\">\n                    <a class=\"btn btn-readmore\" href=\"https:\/\/miyafashion.com\/esp\/2017\/11\/14\/cashmerecare\/\">Read more<\/a>\n                                            <div class=\"la-sharing-posts\">\n                            <span><i class=\"fa fa-share-alt\"><\/i><\/span>\n                            <div class=\"social--sharing\"><\/div>                        <\/div>\n                                <div class=\"la-favorite-link\">\n            <a class=\"\" href=\"javascript:;\" rel=\"nofollow\" data-favorite_id=\"578\"><i class=\"fa fa-thumbs-up\"><\/i><span class=\"favorite_count\">0<\/span><\/a>\n        <\/div>\n    <span class=\"comments-link\"><a href=\"https:\/\/miyafashion.com\/esp\/2017\/11\/14\/cashmerecare\/#respond\"><i class=\"fa fa-comments\"><\/i><span>0<\/span><\/a><\/span>                                    <\/div>\n            <\/div>\n        <\/div>\n    <\/div>\n<\/article><\/div>\n<!-- .posts-loop -->    <\/div><\/div><\/div><\/div><\/div><div class=\"vc_row-full-width vc_clearfix\"><\/div>\n<\/section>","protected":false},"excerpt":{"rendered":"A tener en cuenta al usar cachemira. Al usarla internamente, es mejor tener una capa exterior suave que...","protected":false},"author":1,"featured_media":0,"parent":0,"menu_order":0,"comment_status":"closed","ping_status":"closed","template":"","meta":{"footnotes":""},"class_list":["post-1793","page","type-page","status-publish","hentry"],"_hostinger_reach_plugin_has_subscription_block":false,"_hostinger_reach_plugin_is_elementor":false,"_links":{"self":[{"href":"https:\/\/miyafashion.com\/esp\/wp-json\/wp\/v2\/pages\/1793","targetHints":{"allow":["GET"]}}],"collection":[{"href":"https:\/\/miyafashion.com\/esp\/wp-json\/wp\/v2\/pages"}],"about":[{"href":"https:\/\/miyafashion.com\/esp\/wp-json\/wp\/v2\/types\/page"}],"author":[{"embeddable":true,"href":"https:\/\/miyafashion.com\/esp\/wp-json\/wp\/v2\/users\/1"}],"replies":[{"embeddable":true,"href":"https:\/\/miyafashion.com\/esp\/wp-json\/wp\/v2\/comments?post=1793"}],"version-history":[{"count":1,"href":"https:\/\/miyafashion.com\/esp\/wp-json\/wp\/v2\/pages\/1793\/revisions"}],"predecessor-version":[{"id":1794,"href":"https:\/\/miyafashion.com\/esp\/wp-json\/wp\/v2\/pages\/1793\/revisions\/1794"}],"wp:attachment":[{"href":"https:\/\/miyafashion.com\/esp\/wp-json\/wp\/v2\/media?parent=1793"}],"curies":[{"name":"wp","href":"https:\/\/api.w.org\/{rel}","templated":true}]}}